{"id":5197,"date":"2022-10-29T15:18:35","date_gmt":"2022-10-29T15:18:35","guid":{"rendered":"https:\/\/ozkantarimadiyaman.com\/?post_type=product&#038;p=5197"},"modified":"2022-10-29T15:18:36","modified_gmt":"2022-10-29T15:18:36","slug":"adiyaman-sambayatdan-abuzer-mutlu","status":"publish","type":"product","link":"https:\/\/ozkantarimadiyaman.com\/index.php\/urun\/adiyaman-sambayatdan-abuzer-mutlu\/","title":{"rendered":"Ad\u0131yaman \u015eambayat&#8217;dan Abuzer Mutlu"},"content":{"rendered":"","protected":false},"excerpt":{"rendered":"","protected":false},"featured_media":5198,"comment_status":"open","ping_status":"closed","template":"","meta":[],"product_cat":[113],"product_tag":[],"class_list":["post-5197","product","type-product","status-publish","has-post-thumbnail","hentry","product_cat-musteriler"],"yoast_head":"<!-- This site is optimized with the Yoast SEO plugin v19.10 - https:\/\/yoast.com\/wordpress\/plugins\/seo\/ -->\n<title>Ad\u0131yaman \u015eambayat&#039;dan Abuzer Mutlu - \u00d6ZKAN TARIM - ADIYAMAN<\/title>\n<meta name=\"robots\" content=\"index, follow, max-snippet:-1, max-image-preview:large, max-video-preview:-1\" \/>\n<link rel=\"canonical\" href=\"https:\/\/ozkantarimadiyaman.com\/index.php\/urun\/adiyaman-sambayatdan-abuzer-mutlu\/\" \/>\n<meta property=\"og:locale\" content=\"tr_TR\" \/>\n<meta property=\"og:type\" content=\"article\" \/>\n<meta property=\"og:title\" content=\"Ad\u0131yaman \u015eambayat&#039;dan Abuzer Mutlu - \u00d6ZKAN TARIM - ADIYAMAN\" \/>\n<meta property=\"og:url\" content=\"https:\/\/ozkantarimadiyaman.com\/index.php\/urun\/adiyaman-sambayatdan-abuzer-mutlu\/\" \/>\n<meta property=\"og:site_name\" content=\"\u00d6ZKAN TARIM - ADIYAMAN\" \/>\n<meta property=\"article:modified_time\" content=\"2022-10-29T15:18:36+00:00\" \/>\n<meta property=\"og:image\" content=\"https:\/\/ozkantarimadiyaman.com\/wp-content\/uploads\/2022\/10\/311574602_1093432394642930_7547314432625472852_n.jpg\" \/>\n\t<meta property=\"og:image:width\" content=\"960\" \/>\n\t<meta property=\"og:image:height\" content=\"720\" \/>\n\t<meta property=\"og:image:type\" content=\"image\/jpeg\" \/>\n<meta name=\"twitter:card\" content=\"summary_large_image\" \/>\n<script type=\"application\/ld+json\" class=\"yoast-schema-graph\">{\"@context\":\"https:\/\/schema.org\",\"@graph\":[{\"@type\":\"WebPage\",\"@id\":\"https:\/\/ozkantarimadiyaman.com\/index.php\/urun\/adiyaman-sambayatdan-abuzer-mutlu\/\",\"url\":\"https:\/\/ozkantarimadiyaman.com\/index.php\/urun\/adiyaman-sambayatdan-abuzer-mutlu\/\",\"name\":\"Ad\u0131yaman \u015eambayat'dan Abuzer Mutlu - \u00d6ZKAN TARIM - ADIYAMAN\",\"isPartOf\":{\"@id\":\"https:\/\/ozkantarimadiyaman.com\/#website\"},\"datePublished\":\"2022-10-29T15:18:35+00:00\",\"dateModified\":\"2022-10-29T15:18:36+00:00\",\"breadcrumb\":{\"@id\":\"https:\/\/ozkantarimadiyaman.com\/index.php\/urun\/adiyaman-sambayatdan-abuzer-mutlu\/#breadcrumb\"},\"inLanguage\":\"tr\",\"potentialAction\":[{\"@type\":\"ReadAction\",\"target\":[\"https:\/\/ozkantarimadiyaman.com\/index.php\/urun\/adiyaman-sambayatdan-abuzer-mutlu\/\"]}]},{\"@type\":\"BreadcrumbList\",\"@id\":\"https:\/\/ozkantarimadiyaman.com\/index.php\/urun\/adiyaman-sambayatdan-abuzer-mutlu\/#breadcrumb\",\"itemListElement\":[{\"@type\":\"ListItem\",\"position\":1,\"name\":\"Anasayfa\",\"item\":\"https:\/\/ozkantarimadiyaman.com\/\"},{\"@type\":\"ListItem\",\"position\":2,\"name\":\"T\u00dcM \u00dcR\u00dcNLER\",\"item\":\"https:\/\/ozkantarimadiyaman.com\/index.php\/shop\/\"},{\"@type\":\"ListItem\",\"position\":3,\"name\":\"Ad\u0131yaman \u015eambayat&#8217;dan Abuzer Mutlu\"}]},{\"@type\":\"WebSite\",\"@id\":\"https:\/\/ozkantarimadiyaman.com\/#website\",\"url\":\"https:\/\/ozkantarimadiyaman.com\/\",\"name\":\"\u00d6ZKAN TARIM - ADIYAMAN\",\"description\":\"\",\"potentialAction\":[{\"@type\":\"SearchAction\",\"target\":{\"@type\":\"EntryPoint\",\"urlTemplate\":\"https:\/\/ozkantarimadiyaman.com\/?s={search_term_string}\"},\"query-input\":\"required name=search_term_string\"}],\"inLanguage\":\"tr\"}]}<\/script>\n<!-- \/ Yoast SEO plugin. -->","yoast_head_json":{"title":"Ad\u0131yaman \u015eambayat'dan Abuzer Mutlu - \u00d6ZKAN TARIM - ADIYAMAN","robots":{"index":"index","follow":"follow","max-snippet":"max-snippet:-1","max-image-preview":"max-image-preview:large","max-video-preview":"max-video-preview:-1"},"canonical":"https:\/\/ozkantarimadiyaman.com\/index.php\/urun\/adiyaman-sambayatdan-abuzer-mutlu\/","og_locale":"tr_TR","og_type":"article","og_title":"Ad\u0131yaman \u015eambayat'dan Abuzer Mutlu - \u00d6ZKAN TARIM - ADIYAMAN","og_url":"https:\/\/ozkantarimadiyaman.com\/index.php\/urun\/adiyaman-sambayatdan-abuzer-mutlu\/","og_site_name":"\u00d6ZKAN TARIM - ADIYAMAN","article_modified_time":"2022-10-29T15:18:36+00:00","og_image":[{"width":960,"height":720,"url":"https:\/\/ozkantarimadiyaman.com\/wp-content\/uploads\/2022\/10\/311574602_1093432394642930_7547314432625472852_n.jpg","type":"image\/jpeg"}],"twitter_card":"summary_large_image","schema":{"@context":"https:\/\/schema.org","@graph":[{"@type":"WebPage","@id":"https:\/\/ozkantarimadiyaman.com\/index.php\/urun\/adiyaman-sambayatdan-abuzer-mutlu\/","url":"https:\/\/ozkantarimadiyaman.com\/index.php\/urun\/adiyaman-sambayatdan-abuzer-mutlu\/","name":"Ad\u0131yaman \u015eambayat'dan Abuzer Mutlu - \u00d6ZKAN TARIM - ADIYAMAN","isPartOf":{"@id":"https:\/\/ozkantarimadiyaman.com\/#website"},"datePublished":"2022-10-29T15:18:35+00:00","dateModified":"2022-10-29T15:18:36+00:00","breadcrumb":{"@id":"https:\/\/ozkantarimadiyaman.com\/index.php\/urun\/adiyaman-sambayatdan-abuzer-mutlu\/#breadcrumb"},"inLanguage":"tr","potentialAction":[{"@type":"ReadAction","target":["https:\/\/ozkantarimadiyaman.com\/index.php\/urun\/adiyaman-sambayatdan-abuzer-mutlu\/"]}]},{"@type":"BreadcrumbList","@id":"https:\/\/ozkantarimadiyaman.com\/index.php\/urun\/adiyaman-sambayatdan-abuzer-mutlu\/#breadcrumb","itemListElement":[{"@type":"ListItem","position":1,"name":"Anasayfa","item":"https:\/\/ozkantarimadiyaman.com\/"},{"@type":"ListItem","position":2,"name":"T\u00dcM \u00dcR\u00dcNLER","item":"https:\/\/ozkantarimadiyaman.com\/index.php\/shop\/"},{"@type":"ListItem","position":3,"name":"Ad\u0131yaman \u015eambayat&#8217;dan Abuzer Mutlu"}]},{"@type":"WebSite","@id":"https:\/\/ozkantarimadiyaman.com\/#website","url":"https:\/\/ozkantarimadiyaman.com\/","name":"\u00d6ZKAN TARIM - ADIYAMAN","description":"","potentialAction":[{"@type":"SearchAction","target":{"@type":"EntryPoint","urlTemplate":"https:\/\/ozkantarimadiyaman.com\/?s={search_term_string}"},"query-input":"required name=search_term_string"}],"inLanguage":"tr"}]}},"_links":{"self":[{"href":"https:\/\/ozkantarimadiyaman.com\/index.php\/wp-json\/wp\/v2\/product\/5197","targetHints":{"allow":["GET"]}}],"collection":[{"href":"https:\/\/ozkantarimadiyaman.com\/index.php\/wp-json\/wp\/v2\/product"}],"about":[{"href":"https:\/\/ozkantarimadiyaman.com\/index.php\/wp-json\/wp\/v2\/types\/product"}],"replies":[{"embeddable":true,"href":"https:\/\/ozkantarimadiyaman.com\/index.php\/wp-json\/wp\/v2\/comments?post=5197"}],"wp:featuredmedia":[{"embeddable":true,"href":"https:\/\/ozkantarimadiyaman.com\/index.php\/wp-json\/wp\/v2\/media\/5198"}],"wp:attachment":[{"href":"https:\/\/ozkantarimadiyaman.com\/index.php\/wp-json\/wp\/v2\/media?parent=5197"}],"wp:term":[{"taxonomy":"product_cat","embeddable":true,"href":"https:\/\/ozkantarimadiyaman.com\/index.php\/wp-json\/wp\/v2\/product_cat?post=5197"},{"taxonomy":"product_tag","embeddable":true,"href":"https:\/\/ozkantarimadiyaman.com\/index.php\/wp-json\/wp\/v2\/product_tag?post=5197"}],"curies":[{"name":"wp","href":"https:\/\/api.w.org\/{rel}","templated":true}]}}